0310
Convert 6781052 (base 9) to base 8.
15743125
Convert -130b6 (base 12) to base 9.
-38663
202222012212022 (base 3) to base 14
16a176c
Convert 12a7a3 (base 13) to base 15.
8dc86
-100c011 (base 13) to base 8
-22406703
-11111002 (base 5) to base 11
-67392
Convert -11031223 (base 5) to base 3.
-11212102122
-422315213 (base 6) to base 16
-70e039
Convert -207b (base 16) to base 9.
-12358
33000414 (base 5) to base 11
182431
What is -312888a (base 11) in base 8?
-25026672
Convert 121113223 (base 4) to base 12.
50177
-10111000001110000101000 (base 2) to base 3
-102100200112211
What is -2351305 (base 6) in base 13?
-44261
Convert -34033402 (base 7) to base 16.
-2d0217
Convert -9309684 (base 11) to base 15.
-169b19e
Convert -10301103010 (base 4) to base 13.
-34a254
What is 38b44 (base 13) in base 16?
19ad6
-170207 (base 9) to base 4
-121222321
2033000 (base 7) to base 2
111011011101001010
What is 652155 (base 7) in base 2?
11011101111010110
Convert 4d5ca3 (base 16) to base 13.
10868c0
What is -115041452 (base 7) in base 14?
-d51129
Convert -1000222210 (base 3) to base 6.
-234250
What is 19018b (base 12) in base 10?
435707
Convert -149b36 (base 12) to base 4.
-1111030122
-132575 (base 8) to base 15
-db76
c7ba1 (base 15) to base 5
130240001
What is 23003223322 (base 4) in base 15?
3c3d07
Convert 121200122 (base 7) to base 12.
2648a3b
What is 11101110000000111010 (base 2) in base 14?
1b5402
Convert 6416 (base 14) to base 13.
7b24
What is 102011102011220 (base 3) in base 15?
7c2ca9
Convert -446205 (base 7) to base 16.
-13491
-77395 (base 16) to base 14
-c9d77
Convert 1146514 (base 7) to base 5.
14140444
Convert 1782508 (base 9) to base 16.
f3ee7
What is -1633a6 (base 14) in base 10?
-777286
What is 11121110100 (base 3) in base 14?
250c9
Convert -110a7a0 (base 15) to base 7.
-205401111
What is 1a5a2 (base 16) in base 2?
11010010110100010
Convert -7d7b7 (base 16) to base 9.
-863033
-13340121 (base 5) to base 11
-93955
What is 21b784 (base 15) in base 4?
12020220013
What is 10100101011001100101 (base 2) in base 12?
288085
Convert 1514244 (base 7) to base 8.
621423
Convert -5a5698 (base 16) to base 4.
-112211122120
What is 18eb4 (base 15) in base 3?
11010000221
-102301020 (base 4) to base 12
-385a0
What is -2618a (base 12) in base 4?
-30231322
What is 220302222 (base 5) in base 10?
947187
10154123 (base 8) to base 11
1240257
-1566646 (base 7) to base 10
-218476
Convert 65a347 (base 12) to base 10.
1614439
217324 (base 12) to base 8
2015014
What is -4136476 (base 8) in base 7?
-12216213
What is 1363450 (base 7) in base 10?
183736
Convert 3425462 (base 11) to base 3.
102021121002222
Convert -32a11 (base 14) to base 6.
-2344035
5aca3 (base 14) to base 16
3633f
What is -30211046 (base 8) in base 7?
-105034023
Convert 4952594 (base 10) to base 8.
22711022
-1001100111011100 (base 2) to base 11
-27658
Convert -16200274 (base 9) to base 7.
-125522560
135254504 (base 6) to base 16
2a5ae8
-959636 (base 10) to base 4
-3222102110
What is -336029 (base 10) in base 5?
-41223104
5f3f2a (base 16) to base 6
341442322
What is 135199b (base 13) in base 8?
27161253
What is -2332440034 (base 5) in base 11?
-3030139
What is -15761026 (base 8) in base 15?
-4c5223
What is 13200011012 (base 4) in base 11?
1123432
Convert 94ecad (base 15) to base 16.
6c238c
Convert -13441 (base 12) to base 5.
-1322140
What is -110000011101110 (base 2) in base 8?
-60356
Convert -111501 (base 10) to base 11.
-76855
Convert 62834 (base 14) to base 12.
b55ba
Convert 111100101000001001 (base 2) to base 5.
30421304
What is 1325729 (base 10) in base 5?
314410404
What is -15431340 (base 6) in base 9?
-1025426
What is -21642164 (base 7) in base 11?
-1071490
-646055 (base 8) to base 9
-358401
Convert -110221000002 (base 3) to base 9.
-427002
Convert -1519c6 (base 14) to base 12.
-2b5136
-152313042 (base 6) to base 4
-30030233102
What is 1d66a2 (base 16) in base 11?
10a6713
Convert 1101101020 (base 3) to base 8.
65161
Convert 7a732 (base 12) to base 13.
59543
What is -21130013231 (base 4) in base 16?
-25c1ed
Convert 3213023 (base 4) to base 11.
10130
21b37 (base 16) to base 8
415467
What is -5252203 (base 6) in base 7?
-2113554
What is -9220a5 (base 12) in base 5?
-1041101131
Convert 1102041 (base 7) to base 4.
201000003
Convert -a57019 (base 13) to base 4.
-32301012200
What is -84cd82 (base 15) in base 2?
-11000000111001110010111
-126815 (base 10) to base 6
-2415035
What is -101110011001011101 (base 2) in base 15?
-3b49a
-6221 (base 9) to base 14
-1935
What is 1051b0 (base 13) in base 5?
44220330
Convert a29ab (base 12) to base 14.
574c3
What is 11033500 (base 6) in base 16?
50e2c
Convert -1010100010101 (base 2) to base 8.
-12425
-1243647 (base 13) to base 14
-a82139
What is -71300 (base 13) in base 10?
-202631
Convert -345ac (base 15) to base 5.
-20313122
132022330322 (base 4) to base 9
15784315
What is -1202210200120 (base 3) in base 11?
-592a14
21368a2 (base 12) to base 3
102211210122012
Convert 41404503 (base 6) to base 8.
4444727
What is 266065 (base 11) in base 9?
706350
What is -4648928 (base 10) in base 14?
-890304
What is -46016 (base 11) in base 14?
-1a38b
-100201222202201 (base 3) to base 2
-10011101111110010001011
35013322 (base 6) to base 13
2b84b2
-d710b3 (base 14) to base 16
-6ed525
-1432434 (base 6) to base 7
-461533
What is 531241 (base 7) in base 13?
32986
What is -101530 (base 10) in base 13?
-372a0
Convert -13015455 (base 7) to base 10.
-1180842
What is 1203110 (base 9) in base 16?
9f228
What is -11000111111100001111 (base 2) in base 5?
-202201314
149918 (base 11) to base 9
384177
What is -196aa1 (base 12) in base 11?
-286144
Convert 100100000000100111 (base 2) to base 6.
3054503
Convert 8b4a1 (base 16) to base 13.
16c8bb
Convert 74991 (base 15) to base 16.
5a574
34613223 (base 7) to base 16
2e78ec
Convert 1111002122120 (base 3) to base 11.
499a82
-12112112211021 (base 3) to base 2
-1011001110101001010110
What is 1031424 (base 6) in base 14?
147b2
What is -451851 (base 9) in base 10?
-270424
Convert -100110101001101011111 (base 2) to base 8.
-4651537
What is -102002004 (base 7) in base 11?
-3429533
What is -452a86b (base 12) in base 6?
-1151541415
What is 701208 (base 11) in base 14?
2155c6
What is 126517 (base 10) in base 9?
212484
Convert -375223 (base 9) to base 7.
-1633344
Convert -54d8 (base 14) to base 4.
-3211212
What is 42013032 (base 7) in base 8?
15364173
What is -8108a9 (base 12) in base 6?
-111045533
What is 22267461 (base 9) in base 15?
e32861
What is -1368100 (base 10) in base 15?
-1c056a
Convert 110001111010010010 (base 2) to base 5.
23020214
Convert -12299030 (base 10) to base 7.
-206353142
What is 11863109 (base 10) in base 7?
202556216
Convert 29233 (base 10) to base 16.
7231
-11042440343 (base 5) to base 15
-10d8833
-5f91d (base 16) to base 11
-248117
Convert -7ba4ab (base 12) to base 5.
-1002103112
1396363 (base 13) to base 7
103540231
-835 (base 13) to base 9
-1821
Convert -202121222 (base 6) to base 14.
-662166
Convert 1343 (base 5) to base 10.
223
Convert 273310 (base 12) to base 8.
2362374
What is -10212000122011 (base 3) in base 11?
-117934a
10001210210 (base 3) to base 14
17ddc
What is 2a902 (base 13) in base 3?
11002120202
What is 1023122022 (base 5) in base 10?
2160887
Convert 14401444 (base 5) to base 11.
a5261
What is 1793879 (base 11) in base 2?
1011100101001001010110
Convert -17a145 (base 14) to base 13.
-232a62
-887997 (base 13) to base 10
-3215856
What is -363172 (base 8) in base 14?
-33558
-395193b (base 13) to base 2
-1000100100010110111111101
What is -3121050 (base 8) in base 6?
-25425024
Convert 12221112102 (base 3) to base 15.
24a1e
-1413008 (base 9) to base 15
-105098
Convert -10213311 (base 6) to base 8.
-1105113
What is -11001011010110110100110 (base 2) in base 14?
-c565ca
6a176 (base 16) to base 2
1101010000101110110
Convert -300044021 (base 5) to base 14.
-228246
Convert dd46c9 (base 14) to base 8.
34477131
What is -53922 (base 10) in base 4?
-31022202
What is -10020220122022 (base 3) in base 14?
-33086c
Convert 31457274 (base 8) to base 16.
665ebc
What is 1237b0 (base 14) in base 10?
624414
What is -17227 (base 8) in base 10?
-7831
What is -4b703 (base 14) in base 7?
-1401003
-14775416 (base 9) to base 14
-d9c827
Convert -32260765 (base 8) to